-n*s - 4*t - 2 - 22 = 0, -5*s + 2*t - 48 = 0. List the prime factors of -4 + 0 - -7 - s.
13
Suppose 3*u + 2*g - 2272 = 0, 6*u + 3*g - 2895 - 1650 = 0. What are the prime factors of u?
2, 379
Let g(t) = -270*t + 48. What are the prime factors of g(-2)?
2, 3, 7
Let z = -37 + 20. Let v = 51 + z. Suppose 29*g = 28*g + v. List the prime factors of g.
2, 17
Let f = -5 - -4. Let m(c) = -4 + 3 + 40*c - 73*c. List the prime factors of m(f).
2
Suppose -27*f + 13*f + 9982 = 0. List the prime factors of f.
23, 31
Let f be -1*18*(63/(-14) + 4). Suppose -f*v + 336 = -1185. List the prime factors of v.
13
Let k(h) = 3*h**3 - 7*h**2 - h - 7. Let u(b) = 2*b + 15. Let v be u(-5). What are the prime factors of k(v)?
2, 47
Let j(x) = -x**3 - 9*x**2 + 33*x - 22. List the prime factors of j(-14).
2, 31
Suppose -2*y = -y. Suppose -90 = -3*b - 5*p + 32, p + 5 = y. Let d = b - 18. List the prime factors of d.
31
Suppose 0 = 30*g - 42*g + 13404. List the prime factors of g.
1117
List the prime factors of 2*2/(-12) - (-396165)/441.
2, 449
Let m be ((-21)/(-5))/(-5*(-2)/100). What are the prime factors of m/28 + 202/4?
2, 13
Suppose 3*s = -0*s + 6. Suppose -m + 63 = u, u - 75 = s*m - 7*m. Suppose 4*g = -g + u. List the prime factors of g.
2, 3
Let h(l) = -l**2 + 7*l + 6. Let w be h(8). Let s be w + 1/((-5)/(-235)). Suppose 4*i + 4*p - 8 = 0, 0 = -2*i + 4*p - 11 + s. What are the prime factors of i?
7
Suppose 18*m - 65284 = -20*m. What are the prime factors of m?
2, 859
Let f(c) = 19*c - 7*c + 7 - 11. Let z be f(2). Suppose 0 = -9*n + 4*n + z, 193 = 3*u + 4*n. What are the prime factors of u?
59
Let v be 246/48 - 1/8. Suppose v*j = 5*h - 35, 4*j = -5*h + 2*h. Suppose -5*o - 2*q + 70 = 3*q, h*o + 2*q = 54. What are the prime factors of o?
13
Suppose 5*j - 4*a + 6 = 0, 5*j - 3*a + 3 = 2*j. List the prime factors of ((-4)/(-6))/j*(12 - 39).
3
Suppose -5*j - 873 = -4*r, -6*j + 3*j + 675 = 3*r. List the prime factors of (23 + r)*2/5.
2, 7
Let g = 724 - 326. What are the prime factors of g?
2, 199
Let b(l) = -l**3 + 10*l**2 - 4*l + 3. Let m be (-16)/(-40) - (-86)/10. What are the prime factors of b(m)?
2, 3
Suppose 45 = -7*r + 2*r. Let w be r/(-4) + (-3)/12. Suppose -3*a - w*a + 120 = 0. List the prime factors of a.
2, 3
Suppose 3*s - 506 - 193 = 0. List the prime factors of s.
233
Let k be ((-5)/3)/((-1)/3). Suppose -1 = 3*y + 5*j, y = 5*y - k*j - 22. Suppose y*t - 58 = 2*m, 134 = 4*t + 5*m + 26. List the prime factors of t.
2, 11
Suppose -8*q + 4*q - 248 = 0. Let h = q + 121. What are the prime factors of h?
59
Let r = -999 - -1030. List the prime factors of r.
31
Let g = 1469 + -841. List the prime factors of g.
2, 157
Let d(p) = 3*p**2 - 101*p - 28. List the prime factors of d(41).
2, 19, 23
Let r(g) = g. Let i = -16 - -18. Suppose 6 = -0*u + i*u. What are the prime factors of r(u)?
3
Let y = -683 + 1136. Let k = -315 + y. List the prime factors of k.
2, 3, 23
Suppose -126*u + 53 = 4*t - 121*u, 5*t = 2*u + 91. List the prime factors of t.
17
Let w(j) = 3*j**2 - 24*j + 61. List the prime factors of w(8).
61
Let h = 5 + -2. List the prime factors of (-2 + (-92)/(-6))*h.
2, 5
Let w(y) = y**3 + 2*y**2 - 5*y + 7. Let z be w(-5). Let s = 7 - z. List the prime factors of s.
2, 5
Suppose 10763 + 7857 = 98*w. What are the prime factors of w?
2, 5, 19
Suppose -3*b + 8 + 7 = 0. Let p be 0 - (-5 + -3*4/(-12)). Suppose 0*r = -4*r - 4, 161 = b*h + p*r. What are the prime factors of h?
3, 11
Let n(y) = -y + 3. Let p be n(0). Suppose 2*j + 3*u - 928 = -p*j, u + 554 = 3*j. What are the prime factors of j?
5, 37
Let z be ((-128)/3)/(7*3/126). Let d = -39 - z. List the prime factors of d.
7, 31
Suppose -2*p = -2*k - 394, 441 = -5*k - p - 514. Let d = 288 + k. Suppose -z - z = -d. What are the prime factors of z?
2, 3
Let l = 13 + -19. Let s = l - -73. What are the prime factors of s?
67
Let g(p) be the first derivative of p**4/4 - 8*p**3/3 + 2*p**2 + 11*p + 8. List the prime factors of g(8).
43
Let z(o) = 3*o + 5. Let x(y) = -y. Let u(w) = 10*x(w) + 2*z(w). Let k be u(8). Let b = -9 - k. What are the prime factors of b?
13
Let p be ((-36)/(-27))/(1/30). Let a = -30 + p. What are the prime factors of a?
2, 5
Let z = 5289 + -3627. List the prime factors of z.
2, 3, 277
Suppose -3*i + 9192 = 3*x, -3*i - 4*x = -11382 + 2193. List the prime factors of i.
3067
Let q(u) = -35*u - 194. What are the prime factors of q(-24)?
2, 17, 19
Suppose -6521 = -5*b + 3*k, -b + 9*k + 1303 = 8*k. List the prime factors of b.
2, 653
Let q be 38125/45 - 2/9. Suppose 8*v - v = q. List the prime factors of v.
11
Let h(o) = -92*o**3 - 5*o**2 - 26*o - 65. List the prime factors of h(-3).
2, 613
Suppose 0 = -3*s + 2*w + 1409, -2390 = -5*s - 0*s - 5*w. List the prime factors of s.
11, 43
Let v be (-16)/12*6/(-8). Suppose -2*k = -49 - v. What are the prime factors of k?
5
Suppose 20*y + 1848 = 12*y. Let k = y - -453. List the prime factors of k.
2, 3, 37
Let l(n) = -5*n**2 + 2*n - 3. Let t be l(7). List the prime factors of (-6)/9*t/4.
3, 13
Suppose -3*b - 2*h = -6809, 0 = 2*b - 22*h + 26*h - 4542. What are the prime factors of b?
2269
Let t(i) = 11*i**2 - 55*i - 55. What are the prime factors of t(11)?
11, 61
Let u(i) = -5*i - 10. Let q be ((-12)/5)/((-4)/(-30)). Let f = 11 + q. What are the prime factors of u(f)?
5
List the prime factors of (-181 + 260)/(-1 - (-34)/33).
3, 11, 79
Suppose -20 - 80 = 10*h. List the prime factors of (-2)/(-4) - 795/h.
2, 5
Let g = 1342 + -13. What are the prime factors of g?
3, 443
Suppose -2*m + 2180 = 4*f, -2177 = -2*m + 12*f - 13*f. List the prime factors of m.
2, 17
Let m(p) = -p**3 - 4*p**2 + 6*p + 5. Let f be m(-5). Suppose 16*n - 15*n + 62 = f. Let s = n + 90. What are the prime factors of s?
2, 7
Let o(v) = v**2 - 9*v - 3. Let y be o(9). Let r(k) = -k**2 - 4*k - 2. Let m be r(y). What are the prime factors of (2/(-8))/(m/(-20))?
5
Let k(o) = 9*o**3 + 13*o**2 - 9*o - 3. Let c(i) = -5*i**3 - 6*i**2 + 4*i + 2. Let t(d) = 11*c(d) + 6*k(d). List the prime factors of t(8).
2, 3, 5
Suppose -4*g = 12*d - 11*d - 4348, 0 = 4*g + 5*d - 4364. What are the prime factors of g?
2, 3, 181
Suppose -4*u + 91 = -8*s + 3*s, -4*u = -2*s - 82. Suppose u*a = 25*a - 162. List the prime factors of a.
3
Suppose -16*o - 5*s + 7310 = -11*o, 3*s = 0. What are the prime factors of o?
2, 17, 43
Suppose 817 = 5*v - 203. What are the prime factors of v?
2, 3, 17
Let p(v) = 18*v**2 + 3 - 35*v**2 + 7*v + 19*v**2. Let l be -2 - (2*-1 + 5). What are the prime factors of p(l)?
2, 3
Let k be (-4)/6*-3 + -3 + -2. Let v(t) = t**2 - 4*t - 10. What are the prime factors of v(k)?
11
Let l = 2 + 2. Suppose 5*r - 276 = r - l*k, 3*r - 3*k - 177 = 0. What are the prime factors of r?
2
Let m = -14 + 14. Suppose -5*j - k + 3 = -m*k, -5*j = -4*k + 12. Suppose 4*q - 44 = -2*s, -2*s + 52 = -j*s - 4*q. What are the prime factors of s?
2, 3
Let c(g) = -4*g**3 - 8*g**2 - 4*g + 5. Let w be c(-6). Suppose 7*b = -2*q + 6*b + 299, 5*b = 4*q - w. List the prime factors of q.
2, 3, 5
Suppose -2 = 5*k - 2*s + 4, -5*k - 5*s = -15. Suppose -3*u = -k*u - 807. List the prime factors of u.
269
Let b(z) = -17*z + 77. List the prime factors of b(-33).
2, 11, 29
Let t(r) = -60*r + 2. Let s be t(2). List the prime factors of 3/12 + s/(-8).
3, 5
What are the prime factors of -232*(2 + -2 + 2/(-4))?
2, 29
List the prime factors of ((-6480)/(-90))/((-2)/(-87)).
2, 3, 29
Let p be (-2 - 3)/(-10)*4. Suppose -g = -p*a + 7*a - 225, 189 = 4*a - g. List the prime factors of a.
2, 23
Suppose 2*w - 17920 = -5*w. What are the prime factors of w?
2, 5
Let v(c) = 3*c + 505. List the prime factors of v(-41).
2, 191
Suppose 4*p + 4*h = 744, -4*p + 4*h = -510 - 258. List the prime factors of p.
3, 7
Let f = 2932 + -2230. What are the prime factors of f?
2, 3, 13
What are the prime factors of 2 - -2 - (6 - -1282)/(-2)?
2, 3
Let z be (-6 - 0)/(0 - 1). List the prime factors of 1 - (-472)/z - 6/9.
79
List the prime factors of (-17298)/(-162) - (-2 - (-16)/9).
107
Let l(x) = 7*x**3 + x**2 + x. Let z be l(-3). Let o = -99 - z. List the prime factors of o.
2, 3, 7
Let p(x) = x**3 - 8*x**2 + 13*x + 4. Let u be p(6). What are the prime factors of 0*5/u - -216?
2, 3
Suppose k - 4*k = -480. Suppose -3*w + k = 2*w. What are the prime factors of (9/(-6))/((-12)/w)?
2
Suppose -5